hat are the prime factors of 3021?
3, 19, 53
List the prime factors of 1132.
2, 283
List the prime factors of 9169.
53, 173
What are the prime factors of 46916?
2, 37, 317
What are the prime factors of 26610?
2, 3, 5, 887
What are the prime factors of 3796?
2, 13, 73
List the prime factors of 38535.
3, 5, 7, 367
What are the prime factors of 86334?
2, 3, 14389
List the prime factors of 317.
317
List the prime factors of 28777.
7, 4111
What are the prime factors of 9607?
13, 739
List the prime factors of 70.
2, 5, 7
List the prime factors of 2782.
2, 13, 107
What are the prime factors of 7601?
11, 691
What are the prime factors of 1468?
2, 367
List the prime factors of 17314.
2, 11, 787
What are the prime factors of 2847?
3, 13, 73
What are the prime factors of 6775?
5, 271
What are the prime factors of 40965?
3, 5, 2731
What are the prime factors of 12310?
2, 5, 1231
List the prime factors of 13840.
2, 5, 173
What are the prime factors of 1112?
2, 139
What are the prime factors of 1341?
3, 149
What are the prime factors of 8621?
37, 233
What are the prime factors of 10391?
10391
List the prime factors of 11861.
29, 409
List the prime factors of 1070.
2, 5, 107
What are the prime factors of 55640?
2, 5, 13, 107
What are the prime factors of 5297?
5297
List the prime factors of 4066.
2, 19, 107
What are the prime factors of 15236?
2, 13, 293
List the prime factors of 573.
3, 191
What are the prime factors of 22827?
3, 7, 1087
List the prime factors of 76787.
31, 2477
List the prime factors of 78418.
2, 39209
List the prime factors of 22117.
17, 1301
List the prime factors of 3444.
2, 3, 7, 41
What are the prime factors of 6033?
3, 2011
List the prime factors of 58282.
2, 7, 23, 181
List the prime factors of 39274.
2, 73, 269
What are the prime factors of 52147?
52147
List the prime factors of 2316.
2, 3, 193
List the prime factors of 376.
2, 47
List the prime factors of 8396.
2, 2099
List the prime factors of 13046.
2, 11, 593
List the prime factors of 2500.
2, 5
What are the prime factors of 8609?
8609
What are the prime factors of 129272?
2, 11, 13, 113
What are the prime factors of 51246?
2, 3, 13, 73
List the prime factors of 3780.
2, 3, 5, 7
What are the prime factors of 25739?
7, 3677
List the prime factors of 43045.
5, 8609
What are the prime factors of 24691?
24691
What are the prime factors of 3788?
2, 947
List the prime factors of 2757.
3, 919
What are the prime factors of 990?
2, 3, 5, 11
List the prime factors of 181.
181
List the prime factors of 164.
2, 41
What are the prime factors of 3110?
2, 5, 311
What are the prime factors of 656?
2, 41
List the prime factors of 2744.
2, 7
What are the prime factors of 1532?
2, 383
What are the prime factors of 1085?
5, 7, 31
What are the prime factors of 35768?
2, 17, 263
List the prime factors of 1726.
2, 863
What are the prime factors of 7996?
2, 1999
List the prime factors of 5422.
2, 2711
List the prime factors of 47931.
3, 13, 1229
List the prime factors of 713.
23, 31
What are the prime factors of 196?
2, 7
List the prime factors of 1329.
3, 443
List the prime factors of 3769.
3769
What are the prime factors of 1650?
2, 3, 5, 11
What are the prime factors of 24366?
2, 3, 31, 131
What are the prime factors of 3052?
2, 7, 109
List the prime factors of 41900.
2, 5, 419
What are the prime factors of 714?
2, 3, 7, 17
List the prime factors of 20652.
2, 3, 1721
What are the prime factors of 39246?
2, 3, 31, 211
What are the prime factors of 6354?
2, 3, 353
What are the prime factors of 117?
3, 13
List the prime factors of 14420.
2, 5, 7, 103
List the prime factors of 59500.
2, 5, 7, 17
List the prime factors of 107.
107
List the prime factors of 556.
2, 139
List the prime factors of 24986.
2, 13, 31
What are the prime factors of 1167?
3, 389
What are the prime factors of 1194?
2, 3, 199
What are the prime factors of 22224?
2, 3, 463
What are the prime factors of 30938?
2, 31, 499
List the prime factors of 4059.
3, 11, 41
What are the prime factors of 27197?
27197
List the prime factors of 1829.
31, 59
List the prime factors of 87673.
73, 1201
What are the prime factors of 8099?
7, 13, 89
What are the prime factors of 2003?
2003
List the prime factors of 453.
3, 151
What are the prime factors of 58638?
2, 3, 29, 337
What are the prime factors of 9886?
2, 4943
What are the prime factors of 1600?
2, 5
List the prime factors of 1914.
2, 3, 11, 29
List the prime factors of 34605.
3, 5, 769
What are the prime factors of 967?
967
What are the prime factors of 3172?
2, 13, 61
List the prime factors of 3145.
5, 17, 37
List the prime factors of 2406.
2, 3, 401
What are the prime factors of 4221?
3, 7, 67
List the prime factors of 2962.
2, 1481
What are the prime factors of 5708?
2, 1427
What are the prime factors of 46628?
2, 11657
List the prime factors of 8226.
2, 3, 457
What are the prime factors of 1314?
2, 3, 73
List the prime factors of 42157.
42157
What are the prime factors of 184093?
7, 13, 17
List the prime factors of 11172.
2, 3, 7, 19
List the prime factors of 2482.
2, 17, 73
What are the prime factors of 9012?
2, 3, 751
What are the prime factors of 178920?
2, 3, 5, 7, 71
List the prime factors of 1984.
2, 31
What are the prime factors of 5122?
2, 13, 197
List the prime factors of 30616.
2, 43, 89
What are the prime factors of 304?
2, 19
List the prime factors of 89658.
2, 3, 17, 293
List the prime factors of 21184.
2, 331
What are the prime factors of 5735?
5, 31, 37
List the prime factors of 43698.
2, 3, 7283
What are the prime factors of 64766?
2, 13, 47, 53
What are the prime factors of 260?
2, 5, 13
What are the prime factors of 1570?
2, 5, 157
List the prime factors of 14832.
2, 3, 103
What are the prime factors of 892?
2, 223
What are the prime factors of 2303?
7, 47
List the prime factors of 196.
2, 7
List the prime factors of 17811.
3, 1979
List the prime factors of 12166.
2, 7, 11, 79
List the prime factors of 5046.
2, 3, 29
What are the prime factors of 77096?
2, 23, 419
What are the prime factors of 27034?
2, 7, 1931
What are the prime factors of 74266?
2, 71, 523
List the prime factors of 4045.
5, 809
What are the prime factors of 3983?
7, 569
List the prime factors of 703.
19, 37
List the prime factors of 94941.
3, 7, 11, 137
List the prime factors of 17304.
2, 3, 7, 103
List the prime factors of 2398.
2, 11, 109
List the prime factors of 71953.
7, 19, 541
List the prime factors of 507.
3, 13
What are the prime factors of 26251?
26251
List the prime factors of 2184.
2, 3, 7, 13
What are the prime factors of 8652?
2, 3, 7, 103
What are the prime factors of 432?
2, 3
List the prime factors of 57908.
2, 31, 467
What are the prime factors of 3168?
2, 3, 11
What are the prime factors of 3073?
7, 439
What are the prime factors of 27118?
2, 7, 13, 149
What are the prime factors of 2639?
7, 13, 29
List the prime factors of 19505.
5, 47, 83
List the prime factors of 37420.
2, 5, 1871
What are the prime factors of 53?
53
What are the prime factors of 6962?
2, 59
List the prime factors of 29432.
2, 13, 283
What are the prime factors of 165245?
5, 33049
List the prime factors of 10584.
2, 3, 7
List the prime factors of 21946.
2, 10973
What are the prime factors of 203?
7, 29
What are the prime factors of 238?
2, 7, 17
What are the prime factors of 4050?
2, 3, 5
List the prime factors of 109536.
2, 3, 7, 163
What are the prime factors of 2214?
2, 3, 41
What are the prime factors of 1681?
41
List the prime factors of 886.
2, 443
List the prime factors of 40892.
2, 10223
What are the prime factors of 7358?
2, 13, 283
List the prime factors of 381.
3, 127
List the prime factors of 44852.
2, 11213
List the prime factors of 127812.
2, 3, 10651
What are the prime factors of 4495?
5, 29, 31
List the prime factors of 256.
2
What are the prime factors of 4029?
3, 17, 79
What are the prime factors of 46837?
7, 6691
List the prime factors of 17702.
2, 53, 167
List the prime factors of 19434.
2, 3, 41, 79
What are the prime factors of 3523?
13, 271
List the prime factors of 320.
2, 5
List the prime factors of 44203.
44203
List the prime factors of 69189.
3, 23063
List the prime factors of 35045.
5, 43, 163
List the prime factors of 57277.
11, 41, 127
List the prime factors of 3282.
2, 3, 547
Wha